-3) + -1 is divided by h(a).
45
Calculate the remainder when (6/(-10))/(7/((-159880)/24)) is divided by 9.
4
Let i = -2 - -13. Let b(d) = 7*d**2 + 16*d - 29. Let t(g) = 2*g**2 + g + 3. Let a(f) = -b(f) + 4*t(f). What is the remainder when a(10) is divided by i?
10
Let p(u) = 793*u**3 + 2*u**2 + 21*u - 20. What is the remainder when p(1) is divided by 7?
5
Suppose -3*u - 5*z = 1 - 20, 8 = -2*z. Suppose -3*w + 319 = 5*h - 0*h, -414 = -4*w - h. Calculate the remainder when w is divided by u.
12
Suppose -4*v + 97 = 3*i - 41, -27 = -i + 5*v. Let c = -69810 + 69825. What is the remainder when i is divided by c?
12
Suppose 10*s = 320 + 360. Let c(y) = y**2 - 4*y - 2. Let i be c(6). Suppose 0 = -6*n + i*n - s. Calculate the remainder when n is divided by 7.
3
Let z(i) = 4*i - 8. Let h be z(6). Suppose -14 = -2*n + 2*a, -a + 23 = 11*n - 7*n. Calculate the remainder when n is divided by 3/(4/h*6).
0
What is the remainder when (-6)/(-33) - (-145624)/88 is divided by 9?
8
Calculate the remainder when 912 is divided by -21*60/108*-39.
2
Suppose 0*c - 5 = 5*c. What is the remainder when (-14 + (-532)/(-35))/((-3)/(-140) + 0) is divided by ((-15)/(-2))/(c/(-2))?
11
Let s = 338 - 324. Let w(o) = -2*o**3 - 36*o**2 + 7*o - 32. What is the remainder when w(-19) is divided by s?
11
Calculate the remainder when (2 + 37)/(10179/(-1703) + 6) is divided by 122.
117
What is the remainder when 159 is divided by ((-7150)/(-33))/(-13)*(-42)/5?
19
Let s = 58 + -65. Let m(q) = 6*q**2 - 16*q + 5. Let j(i) = -5*i**2 + 15*i - 4. Let g(l) = s*j(l) - 6*m(l). What is the remainder when 118 is divided by g(-7)?
10
Suppose -40*w + 50 = -35*w. What is the remainder when 37 is divided by w/(-4) - (315/(-14) + -7)?
10
Let a = 19 - 13. What is the remainder when 86*(-5 + 45/a) is divided by 54?
53
Let o be ((-87)/(-6))/(8/(-16)). Let c = -10 - o. What is the remainder when 99 is divided by (2/(-6))/(c/(-1482))?
21
What is the remainder when 1/(8/(-2) - -6)*666 is divided by ((-1)/1)/((-2)/134)?
65
Let k(a) = 2*a**2 + 11*a - 3. Let v be k(-6). Let n be (-22)/(-1)*(v - 20/5). Calculate the remainder when n/10 + 2 - (-511)/5 is divided by 26.
24
Let g = 14067 + -6649. What is the remainder when g is divided by 116?
110
Suppose 54*z = -434 + 164. Let b(x) = -98*x - 283. What is the remainder when b(z) is divided by 18?
9
Let v(n) = -20*n + 22. Let t be v(1). Let m(h) = 18*h**3 - 3*h**2 + 5*h - 1. What is the remainder when m(t) is divided by 11?
9
Calculate the remainder when 5626 - (1 - 0/(-10)) is divided by 84.
81
Calculate the remainder when 2634 is divided by (-4 - -124)/(1/(-3)*-6).
54
Suppose -1037*v = -1348*v + 41363. Suppose 0 = -4*h + h + 105. What is the remainder when v is divided by h?
28
Let c(a) = 12*a + 5. What is the remainder when c(49) is divided by 11?
10
Let c = -46 - -50. Suppose -3*j + 349 = v, -2*j - 2*j + c*v + 476 = 0. What is the remainder when j is divided by 38?
3
Suppose 0 = -100*q + 2551 + 7549. What is the remainder when 875 is divided by q?
67
Let j(g) = -g**3 + 31*g**2 + 34*g + 24. Let q be j(32). Let t = q - 72. What is the remainder when 61 is divided by t?
13
Suppose 0 = 3*y + y - 2*p - 82, 3*p - 15 = 0. Suppose h - 2 = -k, -3*k + 2*h - 10 = -46. What is the remainder when y is divided by k?
7
Suppose -28 = -j - 24. Let k be (6/4)/(2/j). Suppose 2*c - 107 = -5*l + 2*l, -2*l = -k*c + 128. What is the remainder when c is divided by 18?
10
Let r(q) be the third derivative of q**5/15 + q**4/6 - 31*q**3/6 - 7*q**2 + 7*q. Calculate the remainder when r(3) is divided by 2.
1
Let x = -41650 - -41682. Let h be (-1 + -1)*3/2. Calculate the remainder when x is divided by (-53)/h + (-6)/9.
15
Suppose 4*j - 860 = -5*y, -5*y + 0*j + 3*j = -825. Suppose -14*n - 2*r = -11*n - y, 0 = 3*r. What is the remainder when n is divided by 20?
16
Suppose 2*f = 8*f - 12. Let h(o) = -o + 10 + 0*o + 4*o**f + 500*o**3 - 501*o**3. Calculate the remainder when 29 is divided by h(3).
13
Calculate the remainder when 10944 - (1628/(-352) + (-3)/8) is divided by 75.
74
Suppose -3*z - 3*p = -423, -3*p = 5*z - 2425 + 1726. Calculate the remainder when 242 is divided by z.
104
Let h = -635 - 74. Let z = h - -734. What is the remainder when 248 is divided by z?
23
Let a(s) = -2*s**2 + 36*s + 33. Let f be a(18). Suppose 231*j = 228*j + f. What is the remainder when 11 is divided by j?
0
Let c(n) = n**3 + 5*n**2 - 8*n - 9. Let s be c(-7). What is the remainder when 254 is divided by (s/(-9))/((-7)/(-63))?
50
Let g(v) = v**3 - 16*v**2 - 15*v - 34. Let z be g(17). Suppose a + 205 = 4*y, 4*y - 2*y - 5*a - 89 = z. Calculate the remainder when y is divided by 28.
24
Let n be (3 - -3 - 3) + -77. Let p = 148 + n. Calculate the remainder when p is divided by 3 + (-20)/7 - (-104)/7.
14
Suppose -7*t + 8*t + 2*y = 2590, -t - 5*y = -2590. Calculate the remainder when t is divided by 65.
55
Suppose t - 226 = 29*q - 30*q, -4*q - 5*t = -902. What is the remainder when 1355 is divided by q?
215
Suppose 35 = 9*x - 91. Suppose 0 = y + n - 8, 38*n - 39*n = -y + x. What is the remainder when 58 is divided by y?
3
Let t = -11697 - -11703. What is the remainder when 2032 is divided by t?
4
Let r(v) = 2*v - v**2 + 234 + 8*v - 245 + 5*v. Let t(a) = 18*a**2. Calculate the remainder when t(-3) is divided by r(11).
30
Let u(v) = 194*v**3 + v**2 - 3*v - 4. Let l be u(-1). Let i = l + 223. What is the remainder when 144 is divided by i?
28
Suppose 10*m + 20184 = 4*s + 13*m, 5*m - 10092 = -2*s. What is the remainder when s is divided by 50?
46
Suppose 0 = -31*t - 14*t - 4*t + 12740. What is the remainder when 9096 is divided by t?
256
Suppose 4*b = 192 + 112. Let h be 4/3*(b + 14). Calculate the remainder when ((-30)/(-12))/((-238)/h - -2) is divided by 38.
36
Suppose 0 = 3*w + 8 - 20. Suppose 0 = -5*i + u + 189, -w*u - 48 - 42 = -2*i. Let h(m) = 2*m**2 - 45*m - 10. What is the remainder when i is divided by h(23)?
11
Let y(l) = 3*l**2 - 62*l - 20. Calculate the remainder when -8*(-1 - -2 - 3) is divided by y(21).
0
Let y = 17657 + -17509. Calculate the remainder when y is divided by 12.
4
Suppose m + 20 = 5*m, 2*f + 2*m - 14 = 0. Calculate the remainder when 3/((-215)/(-106) - f) is divided by (8/(-6))/((-2)/27).
16
Suppose 41*q = 34*q + 6937. Suppose -5*y + q - 286 = 0. What is the remainder when y is divided by 48?
45
Let m = 12 + -12. Suppose -376 = -5*x - u, m*x - 4*u - 146 = -2*x. Let y = 79 - x. Calculate the remainder when 19 is divided by y.
3
Let v = 3482 - 3476. What is the remainder when 152 is divided by v?
2
Calculate the remainder when 4271 is divided by (-2)/(-7) - (-42228)/2142.
11
Let l(q) = 12039 - q + 5*q - 11985 - q**2. What is the remainder when 39 is divided by l(9)?
3
Let g = -25155 - -25165. Calculate the remainder when 151 is divided by g.
1
What is the remainder when 345 is divided by (160/25 + -6)/((-7)/(-350))?
5
Suppose 2*s = -0*s + 4. Suppose 5*f = 5, -3*l + f + s*f = -6. Calculate the remainder when 34 is divided by l.
1
Suppose 4*w - 3*j = -486, 22*j - 24*j + 244 = -2*w. Let k = w + 141. Calculate the remainder when k is divided by 1.
0
Let m(q) = -q**3 + 11*q**2 - 6*q - 25. Let r = -157 + 215. What is the remainder when r is divided by m(10)?
13
Suppose -6*d + 1 = -323. Suppose m = -5*s - 3*m + 62, 4*s = -m + d. What is the remainder when s is divided by (-6)/21 - 30/(-7)?
2
Suppose 5*g = -5*m - 40 - 15, 20 = -5*g + 2*m. Calculate the remainder when (175 - (4 - -4)) + g is divided by 62.
37
Suppose 4*h - 7 - 50 = 3*n, -4*h - 3*n = -63. What is the remainder when h is divided by 5?
0
Suppose -5*n + 10*f - 6*f - 6 = 0, -2*n + 4*f = 0. What is the remainder when (-156)/13*(n - 7) is divided by 55?
53
Suppose 5*w = 4*q - 2596, 0*q + 1298 = 2*q + w. Calculate the remainder when q is divided by 163.
160
Suppose 68*k = 65*k + 18. Let r(a) = a**3 - 2*a**2 + 5*a - 5. What is the remainder when 191 + (-3 - -5 - k - 0) is divided by r(4)?
46
Calculate the remainder when 23 + (21 - 17) + 3 is divided by 11.
8
Let w(s) = -25*s - 196. Let k be w(-8). Suppose 0 = -k*r + l + 665, 4*l = 6*r - 8*r + 310. What is the remainder when r is divided by 24?
21
Suppose -193*h - 420 = -196*h. Suppose 4*m + h = 368. What is the remainder when m is divided by 6/4 - (-117)/6?
15
Suppose 3*j - 492 = -j. What is the